9507
In base 11, what is -32942 - -939a?
-24553
In base 8, what is -717067 + -21?
-717110
In base 5, what is -2 + 3112103?
3112101
In base 11, what is 73680 + 83?
73753
In base 8, what is 205 + 34750?
35155
In base 11, what is -13399 - 225?
-13613
In base 7, what is -15164 + 1056?
-14105
In base 5, what is -330112 + -44023?
-424140
In base 16, what is 12 + -9e4ee?
-9e4dc
In base 4, what is 103300001130 + 3?
103300001133
In base 4, what is 211200 - -321?
212121
In base 7, what is -105413 - 10146?
-115562
In base 8, what is 743227 - 31?
743176
In base 4, what is -323113000200 + -2?
-323113000202
In base 12, what is 2 - -206847b?
2068481
In base 10, what is 2 - 6739778?
-6739776
In base 13, what is 5b203 - -5ca?
5b800
In base 6, what is -15305 + -1411?
-21120
In base 12, what is 14 - -a66778?
a66790
In base 6, what is 0 - 2452345001?
-2452345001
In base 14, what is 29 + 789b2c3?
789b30c
In base 15, what is -2c44b00 + e?
-2c44ae1
In base 4, what is 12 - 2112222111?
-2112222033
In base 4, what is -1032 + 11320321113?
11320320021
In base 14, what is -163b84 + 5?
-163b7d
In base 7, what is 1 + -353516560?
-353516556
In base 11, what is -156a14 + 68?
-156957
In base 3, what is 120212210 - -11001?
121000211
In base 7, what is -160366 - 33?
-160432
In base 12, what is -2a1729a - 0?
-2a1729a
In base 14, what is 3 - 141176?
-141173
In base 7, what is -5 + 1153544?
1153536
In base 5, what is 3010421 + 30411?
3041332
In base 10, what is 284297 - -195?
284492
In base 15, what is 30 - 8b95c9?
-8b9599
In base 2, what is 100000 + 1110001001110000001?
1110001001110100001
In base 10, what is -991454 - 26?
-991480
In base 13, what is -9463 - -45b?
-9005
In base 7, what is -301 + -1410105?
-1410406
In base 5, what is -3113023 + 103?
-3112420
In base 8, what is -4 - 17312031?
-17312035
In base 14, what is 6 + -c19c507?
-c19c501
In base 6, what is -2535121 - 32235?
-3011400
In base 4, what is 121130130031 + 23?
121130130120
In base 2, what is 11100101100010011 + -11000001111?
11100010100000100
In base 10, what is 21935 + -882?
21053
In base 13, what is -5 + 11aa386?
11aa381
In base 12, what is 246a0 + 3a4?
24a84
In base 6, what is 1254011 - -5153?
1303204
In base 5, what is 1131303221 + 102?
1131303323
In base 10, what is 3927 + 3246?
7173
In base 16, what is 3e85d + 121?
3e97e
In base 7, what is -32643102 - 205?
-32643310
In base 10, what is 256 + -44580?
-44324
In base 5, what is -100 + 1003001?
1002401
In base 2, what is -101 - -1011010001100111101011?
1011010001100111100110
In base 16, what is -4eebc424 + 2?
-4eebc422
In base 10, what is -3 + -5325343?
-5325346
In base 14, what is 10a8 + acb?
1b95
In base 7, what is -204 + -2541310?
-2541514
In base 9, what is -110 + 15684155?
15684045
In base 15, what is 5 + -650dd65?
-650dd60
In base 16, what is -48f + -15a?
-5e9
In base 14, what is b3326 + -dd?
b3227
In base 12, what is -2 - -3076705?
3076703
In base 3, what is -122 - -1022200011111?
1022200010212
In base 14, what is 1c3bc5 - -2b?
1c3c12
In base 3, what is 21221202020120 + -222?
21221202012121
In base 12, what is -104ab62 - 10?
-104ab72
In base 3, what is -2002 - -12100021111?
12100012102
In base 8, what is 2 + 7026417?
7026421
In base 10, what is 200 - 824581?
-824381
In base 10, what is -120 - 298295?
-298415
In base 15, what is ab438 + 58?
ab491
In base 4, what is 1021030 + 213102?
1300132
In base 14, what is 3 + -2678bd6?
-2678bd3
In base 4, what is 130230323 + 23230?
130320213
In base 11, what is 38966277 + -5?
38966272
In base 14, what is 2 + a4b92?
a4b94
In base 15, what is 5 + 3b4805d?
3b48063
In base 8, what is 34375171 + 0?
34375171
In base 12, what is -48 + 8a789?
8a741
In base 15, what is 2 + 5d5ce?
5d5d1
In base 10, what is 64198 + 9549?
73747
In base 7, what is -3001253351 + 5?
-3001253343
In base 16, what is 8d - d9e80?
-d9df3
In base 8, what is 2572 + -203767?
-201175
In base 3, what is 20 - -1000220211122?
1000220211212
In base 9, what is -1 - -146084050?
146084048
In base 6, what is -41320140525 + 4?
-41320140521
In base 8, what is 25621 - -1076?
26717
In base 9, what is -5160046 + -43?
-5160100
In base 9, what is 3150656 + 0?
3150656
In base 15, what is -13b6 + -204e2?
-218a8
In base 6, what is 12 - -242541542?
242541554
In base 5, what is 11211423104 - 2?
11211423102
In base 7, what is -10256661 - 316?
-10260310
In base 12, what is -5583 + b?
-5574
In base 7, what is 11425 + 2154?
13612
In base 4, what is -22221 - 3302033003?
-3302121230
In base 9, what is -88 - 652513?
-652612
In base 4, what is -1021113010 + -21003?
-1021200013
In base 2, what is 11010101011101101001001100 - 11?
11010101011101101001001001
In base 12, what is -3407 + -17357?
-1a762
In base 15, what is -5ba - 202a?
-25e5
In base 3, what is 2000100100002111121 + -10?
2000100100002111111
In base 14, what is -15aa - 9a5?
-2171
In base 13, what is -a52621 + -b8?
-a52709
In base 14, what is 2 - -7ba898?
7ba89a
In base 4, what is -1321312 + -1311023?
-3233001
In base 5, what is 24231403030 - 10?
24231403020
In base 8, what is 174327 - 2020?
172307
In base 6, what is 1032 + -5314255?
-5313223
In base 2, what is 1111001011010001011110011 + -1?
1111001011010001011110010
In base 5, what is 100434 - -12413?
113402
In base 9, what is 6281 - -13872?
21263
In base 9, what is 1073873 - 1771?
1072102
In base 9, what is 148 - 31424?
-31265
In base 16, what is -5 + 6f4d51?
6f4d4c
In base 16, what is 32e19c - 45?
32e157
In base 4, what is 30 + 30311211213?
30311211303
In base 14, what is -1 + -1d7375?
-1d7376
In base 13, what is -5 + -1242ac5?
-1242aca
In base 3, what is 12200120100020 + -1000?
12200120022020
In base 12, what is -2 + -63b999b?
-63b99a1
In base 2, what is -111011111111100010110011 + 1?
-111011111111100010110010
In base 4, what is 11 - -312311310031?
312311310102
In base 16, what is -2281 + -a1?
-2322
In base 2, what is -110001 - -1001101111001111010110100?
1001101111001111010000011
In base 11, what is 51 - 266595?
-266544
In base 3, what is 202212100012000 + -100?
202212100011200
In base 2, what is -10000 + 10101000000110001?
10101000000100001
In base 10, what is 15328 + -1239?
14089
In base 10, what is -2915759 - 98?
-2915857
In base 16, what is -175 + -ccfe?
-ce73
In base 12, what is 13a5489 - -20?
13a54a9
In base 5, what is 201 - 310201132?
-310200431
In base 8, what is 236 + -5020555?
-5020317
In base 13, what is 87c871 - 6?
87c868
In base 8, what is 75 + 1676665?
1676762
In base 7, what is -530245 + 1560?
-525355
In base 14, what is 523 - -1367?
188a
In base 5, what is 131312 + 140403?
322220
In base 16, what is c - b74c9b?
-b74c8f
In base 2, what is 10000111010011000100111000 - -111?
10000111010011000100111111
In base 6, what is -333555 - 12303?
-350302
In base 3, what is -11221120211200 - 21121?
-11221121010021
In base 12, what is 6951b + -67?
69474
In base 7, what is 43554 + -313513?
-236626
In base 7, what is -15632 + 3305?
-12324
In base 9, what is 3 - 66458?
-66455
In base 16, what is -224210f1 + -2?
-224210f3
In base 5, what is -40104202 + -2?
-40104204
In base 2, what is 101101 - 1010011001001111101011100?
-1010011001001111100101111
In base 4, what is -10 + 3232032022?
3232032012
In base 12, what is 1 - -1951682?
1951683
In base 2, what is -100011111111 + -111110101101111101?
-111111010001111100
In base 4, what is -10102110 + -23121?
-10131231
In base 4, what is 330201012 - 13?
330200333
In base 4, what is 2112 + -13123032?
-13120320
In base 5, what is -22013303 + 310?
-22012443
In base 16, what is -25 - 21ca?
-21ef
In base 14, what is -15 + -1ab61c?
-1ab633
In base 16, what is -3 + 5baf7?
5baf4
In base 3, what is -2012110010221211 + -100?
-2012110010222011
In base 9, what is 32871 - 36266?
-3285
In base 3, what is 1011200002 + -11102?
1011111200
In base 9, what is -2247276 + 506?
-2246670
In base 9, what is -42832 - 3723?
-46655
In base 15, what is -1c - 2d4?
-301
In base 7, what is -1 - -130031265?
130031264
In base 15, what is -15133 + b75?
-144ad
In base 11, what is -185a17409 - 3?
-185a17411
In base 2, what is -100100100111110110 - -10101110001?
-100100010010000101
In base 8, what is -10 - 2431457?
-2431467
In base 15, what is -32 + -31d448?
-31d47a
In base 3, what is -11 + -2001222111110?
-2001222111121
In base 2, what is 100010101100010 + -10001000101?